prime number?
False
Suppose -4*r = 2*s - 5*s + 28, -3*s = 3*r. Is (s/(-8))/((-2)/220) a composite number?
True
Let f = 386739 - 149338. Is f composite?
False
Let r = -611 - -673. Suppose -72*o + 3810 = -r*o. Is o a prime number?
False
Suppose -k - 180 = 4*k. Let t = 106 + k. Let a = -45 + t. Is a composite?
True
Let u(z) = -z**3 - 3*z**2 + 2*z - 3. Let m be u(-4). Suppose -136 = j - 647. Suppose m*d - j - 2999 = w, 4*d - 2799 = -w. Is d a composite number?
False
Let v(m) = 72*m**2 + 59*m + 3. Is v(50) prime?
True
Suppose m - 1189 = p + 3948, 2*m + p - 10286 = 0. Is m a composite number?
True
Let s = -117053 + 239416. Is s prime?
True
Is (3/(-9))/((-3)/37593) prime?
True
Suppose 4*b + 1 = -3*l, -4*l + 3*l - 27 = -4*b. Let y be 8/(-28) - 4531/l. Suppose m + 3*t = 170, 6*m - 2*m + t - y = 0. Is m a prime number?
False
Let l = -62 - -38. Let u(o) = o**3 + 25*o**2 + o + 21. Is u(l) a composite number?
True
Let z(f) = -f**2 - 18*f - 13. Let k be z(4). Is (222 - k) + (-2)/2 + 1 a composite number?
True
Let b(d) = 2*d - 5. Suppose -o = 2*x - 19, -4*x + 39 = 3*o - 2*o. Let g be b(x). Let k(u) = 76*u - 21. Is k(g) composite?
True
Suppose 39*u - 694811 = 35932. Is u composite?
True
Suppose 26*j - 33*j = -63. Suppose 2*k = -j*k + 119570. Suppose -k = -g - 9*g. Is g a composite number?
False
Let j = -2219 - -5500. Suppose -3*g + 10738 = -j. Is g composite?
False
Let z(l) = 313*l**3 - 3*l**2 - 124*l + 589. Is z(5) a composite number?
False
Let d = 159256 + -91089. Is d prime?
False
Suppose 1 - 10 = -3*i. Suppose i*d - 6*d = -1677. Suppose 4*o + v - d = 0, 3*v - 13 = -o + 113. Is o prime?
False
Let k be 19307 - 3*3/9. Suppose 16*p - k = 27046. Is p a composite number?
False
Let h(i) = 30*i**2 + 46*i + 18. Let c be (-3)/(-9)*62 + (-16)/24. Is h(c) a prime number?
False
Suppose -87*n = -91*n + 100. Suppose -n = 5*u, 3*u = 2*y - 3*y + 3148. Is y a prime number?
True
Is ((-3 - 397911/12) + -3)/(24/(-96)) prime?
True
Let w(f) = -5*f**2 + 89*f - 145. Let l(p) = -4*p**2 + 88*p - 140. Let a(b) = 2*l(b) - 3*w(b). Is a(36) a prime number?
False
Suppose 2*j + 111733 = 3*p, -3*j + 88 = 103. Is p composite?
True
Suppose 249 + 61 = -5*i. Let t = i + 210. Suppose -o + f = -t, -2*o = -4*f + 136 - 438. Is o a prime number?
False
Let m = -59 + 92. Suppose -4*h = -4*l + 232, h - 3*l + 31 = -m. Let n = h + 288. Is n composite?
False
Suppose 2089*y - 3787 = 2082*y. Is y a composite number?
False
Suppose -40*r - 86222 = -42*r. Is r a composite number?
True
Let s be 404/(-44) + (-2)/(-11). Let m(z) = -z**3 - 10*z**2 - 10*z - 5. Let o be m(s). Suppose -564 = -o*c + 200. Is c composite?
False
Suppose 0 = -221*i + 231*i - 120. Is i/(-20) + (-88996)/(-10) prime?
False
Let i(a) = 68*a**3 + 13*a**2 - 6*a + 2. Let t be i(5). Let c = 18659 - t. Is c prime?
False
Let k = -212 - -193. Let u(w) = -219*w + 8. Is u(k) a composite number?
True
Let q = 2413503 - 384746. Is q prime?
True
Let i be (0 - -3)*(-193 - 1). Let n be 2/3*120627/78. Let l = i + n. Is l composite?
False
Suppose -10*u = -6*u - 96. Suppose u - 19 = z. Suppose 0 = -z*i - 4*q + 9069, 2*q + 1535 = -4*i + 8795. Is i composite?
True
Is (2/4)/((-70)/(-9961980)) prime?
False
Let c(k) = 2*k**3 + 18*k**2 + 24*k - 133. Is c(15) prime?
True
Suppose 3*t - 983531 = -2*c, -t + 5*c - 1311391 = -5*t. Is t a prime number?
True
Let f = 7607 + -1596. Suppose 2*w - f = -g, -g + w = -w - 5999. Is g a composite number?
True
Is (-5)/(65/(-156)) - -44446 a composite number?
True
Suppose -w + 4 = -3*o + w, 0 = -5*o - 2*w + 4. Suppose o = 3*n + 2*n - 10. Is (-4 + (-36)/(-8))/(n/852) a composite number?
True
Let s = -25555 - -49014. Is s prime?
True
Let v(i) = 167*i**3 + 17*i**2 - 45*i - 22. Is v(7) prime?
False
Let s(c) = 2*c**2 - 4*c + 3. Let p be s(4). Suppose -22*q + p*q = -4911. Is q prime?
True
Let t = 1438 + -698. Let v = 1416 - t. Suppose 2875 - v = 3*h. Is h a composite number?
False
Suppose 0 = -5*b + 20, 3*b - 138480 = -5*u + 270137. Is u composite?
True
Suppose 186896 = 36*t - 50956. Is t composite?
False
Let v(b) = -8*b + 115 + 122 - 267. Let y be v(-5). Suppose -444 = y*i - 16*i. Is i prime?
False
Suppose 378 = 4*z + 58. Let v be ((-11686)/5 - 2) + (-64)/z. Is v/(-8) - 4/(-24)*3 composite?
False
Suppose 1816*l - 1810*l - 9018 = 0. Let x = 10 - 6. Suppose -k = -x*k + l. Is k prime?
False
Let i(f) = 2*f**3 - 2*f**2 - 11*f + 13. Let c be i(4). Is 9033 + ((-117)/c - (-2)/(-10)) prime?
False
Suppose -65*b + 3794029 = 24*b - 2040900. Is b composite?
True
Let l(a) = -5*a**2 - 22*a + 9. Let j be l(-20). Let h = j + 4042. Is h prime?
False
Suppose 8*g = 37*g - 19*g - 534010. Is g prime?
True
Let t(u) = -6*u + 83. Let w be t(9). Suppose -w*r + 106072 = -21*r. Is r a prime number?
True
Suppose -13*f + 5*y - 18736 = -17*f, -18704 = -4*f + 3*y. Is f prime?
True
Let v = 25807 - 16048. Let x = 19796 - v. Suppose -x = -2*a - 2451. Is a a prime number?
True
Suppose -199*c + 209*c + 30 = 0. Suppose 7436 - 21176 = 3*f. Is 2/c - f/12 a composite number?
True
Let p(n) = -n**3 + 15. Let b be p(0). Let h(v) = -136*v**2 - 4*v + 73*v**2 + 65*v**2 + 3*v + 16. Is h(b) composite?
True
Let i(y) = 4*y + 16. Suppose 9 - 30 = 7*k. Let x be i(k). Is 4410/x - 1/2*-1 prime?
True
Suppose -16*u = -4080836 - 428876. Is u composite?
False
Let h(j) = 798*j**2 - 61*j + 268. Is h(5) composite?
False
Suppose 71*o + 35 = 76*o. Suppose -4509 = -o*b + 24380. Is b a composite number?
False
Suppose 2*i + 40 - 1176 = 4*y, 0 = -i. Let v = 3399 - y. Is v a composite number?
True
Suppose -41*s = -495540 - 1867577. Is s a composite number?
False
Suppose -40 - 23 = 9*k. Is -2*(-1)/k - 66132/(-84) prime?
True
Suppose -6*f = 6*f - 288. Suppose f*d - 530428 = 670940. Is d a composite number?
True
Let g(y) = y**2 - 16*y + 83. Let a be g(13). Suppose -j + 255 = a. Is j a prime number?
True
Is -7 + -220*((-105)/(-70) - (-222)/(-4)) a prime number?
False
Is (-93)/12*-1797 + (9/(-12))/(-3) composite?
True
Suppose -8*u + 60 = -5*u. Suppose u = 3*y + 14. Suppose -y*t = -3*l + 2*t + 4183, -l + t = -1394. Is l prime?
False
Suppose j = -4*z - 19, -5*j = -6*z + 3*z - 43. Is z/(-15) + 7368/40*3 a composite number?
True
Suppose -29*r + 47639 - 2967 + 101981 = 0. Is r prime?
False
Let q(y) = -38 + 31*y**2 + 142 - 37 - 36 + 7*y - 40. Suppose -u + 20 = 3*h - 2*u, 3*h - 22 = -u. Is q(h) prime?
True
Suppose -6*v = -23783 - 154915. Is v + (-16)/(-24)*9 a prime number?
True
Let g = 20 + -10. Suppose 4*a = 7*v - 3*v + 16, 0 = -2*a + v + g. Is 1179/18*2/3*a composite?
True
Suppose 4*w + 3 + 7 = 3*f, -2*w - 4 = -2*f. Let b be 18*((-2)/w - -1). Suppose -5802 = -30*c + b*c. Is c composite?
True
Is (10/6 + 429043/(-6))*-2 composite?
True
Let o = 187 - 179. Suppose 5*i = -o*i + 180791. Is i prime?
True
Suppose -4*s + 3*z = 5 - 1, 5*s = z + 6. Suppose -3*h + 22859 = 2*m, -3*h + s*m = h - 30474. Is h a composite number?
True
Let m = 801 + -364. Suppose 7*i + 94 = m. Is i a composite number?
True
Let d(u) = -u**2 + 10*u - 4. Let n be d(5). Is (n/(-6))/(-1 - (-1950)/1956) a prime number?
False
Let q be 199727 + 29 + (1 - 2). Suppose 45*p - q - 98910 = 0. Is p a prime number?
True
Suppose 0 = -5*z + 4*x + 70, x + 0*x = z - 13. Let i be 2 + (-36)/16 - z/(-8). Suppose 0 = -i*h - 7*h + 5715. Is h composite?
True
Let q be ((-375)/500)/(54381/(-54380) - -1). Suppose -11*h + 26*h = q. Is h composite?
False
Suppose 33 = -5*g + 2*d, 7*d - 6*d - 19 = 3*g. Is 1 + 0 + (3244 - 30/g) prime?
True
Suppose 27*s = 1132955 - 218357. Is ((s + -7)/(-9))/(-1) a composite number?
True
Let k(u) = u**2 - 14*u - 29. Let s be k(-2). Suppose -3*f + 739 = s*j + 94, -f - 219 = -j. Is j a composite number?
True
Let j(u) = -18*u + 2. Let g be j(3). Let w = 569 - 356. Let n = w + g. Is n a composite number?
True
Suppose 0 = s - 2*p - 85877, -s + 4*p - 1989 = -87854. Is s a prime number?
True
Let p(h) = 155*h**2 + 24*h - 123. Let s(b) = -155*b**2 - 22*b + 124. Let m(w) = -3*p(w) - 4*s(w). Is m(24) prime?
False
Let l = 324379 + -176816. Is l a composite number?
True
Let y = 136799 - -177132. Is y a prime number?
True
Let i be (-16)/6 + (-6 - 136/(-24)). Let a be (-408)/(-2) - i/((-6)/(-4)). Suppose 204 = 2*d - a. Is d composite?
True
Let g be (2/4)/((-8)/(-48)). Suppose -4*v + 414 = 5*d, -413 = -3*v + g*d - 89. Is v a composite number?
True
Let j(s) = 3